. Suppose 4*x = 4, m - 3*m - s*x = -235. What is the greatest common divisor of 46 and m?
23
Let l(g) = -g**3 + 8*g**2 + 2. Let b be l(8). Let i be (-53)/(-2) - 1/b. What is the greatest common factor of 234 and i?
26
Suppose 90 = 5*c + 10. What is the highest common factor of 40 and c?
8
Suppose 0 = -4*q + 43 - 3. Suppose -5*b = -0*b - q. Calculate the greatest common divisor of 5 and b.
1
Let s(j) = -9*j - 260. Let l be s(-36). Let w = -21 + 29. What is the greatest common divisor of w and l?
8
Suppose -6 = 4*c + 14, -20 = b + 4*c. Let k be (-4 - b)*2/(-8). Calculate the greatest common divisor of k and 1.
1
Suppose -580 = 4*u + 1196. Let s be u/(-9) + (-2)/(-3). Suppose -5*v + 48 = 2*t, 27 = -2*v + 5*v + 3*t. What is the highest common factor of s and v?
10
Let o(s) = 359*s**3 + 2*s + 1. Let x be o(-1). Let h be (6/(-15))/(6/x). Suppose -9 = -3*y - 0. What is the highest common factor of y and h?
3
Let s = 460 + 443. Calculate the highest common factor of s and 21.
21
Suppose 0 = 5*z + 2*u + u - 649, 0 = -3*z + 5*u + 369. Suppose 3*n - 5*n = z. Let k be -13 + 13 - (0 + n). Calculate the greatest common divisor of k and 8.
8
Suppose -3*z + 46 = -5*f - 168, -5*z = -5*f - 340. What is the highest common factor of z and 6?
3
Let n = -4 + 2. Let a be 3*(-3)/6*n. Suppose -c + 5 = 0, -2*w + 5*w + 4*c - 119 = 0. Calculate the greatest common divisor of w and a.
3
Suppose -5*i + 3*m + 428 = 0, 2*i - 7*i + 436 = -m. Let b be 217 + 1 + 1 + 1. Calculate the greatest common factor of i and b.
44
Suppose y - 10706 = -3*x, x - 3119 = -4*y + 457. What is the greatest common factor of 16 and x?
16
Let a(x) = -3*x - 6. Let q be a(-12). Suppose 3*n - 452 = -92. Calculate the highest common divisor of q and n.
30
Suppose 2*p - 332 = 5*c, 4*p + 40*c = 38*c + 616. What is the highest common divisor of 36 and p?
12
Suppose 8*k + 323 + 21 = 0. Let r be k/(-4) - 30/(-120). Calculate the greatest common divisor of 99 and r.
11
Let m = 282 - 204. What is the greatest common factor of m and 72?
6
Let j = -30 + 39. Suppose -2*v + 5*q + 77 = 0, -5*q + 26 = 3*v - 77. Calculate the greatest common factor of j and v.
9
Suppose 2*u - 129 = 3*r, -5*r + 225 = u + 3*u. Let y = -3600 - -3615. What is the highest common divisor of u and y?
15
Suppose -4*t = 5*n + 568 - 3153, 0 = -3*t - 2*n + 1944. What is the greatest common divisor of t and 26?
26
Suppose -3*j = -0*j - 42. Suppose -3*s + 0*u + 9 = -u, -4*u = 12. Suppose 154 = -s*a + 3*a. Calculate the greatest common factor of a and j.
14
Let b(y) = -5*y**2 + 73*y + 33. Let p be b(14). What is the greatest common divisor of 975 and p?
75
Suppose 77 = -f + 156. Calculate the highest common divisor of 316 and f.
79
Let m(s) = -s. Let u be m(-3). Let a = 83 - 62. Calculate the greatest common divisor of u and a.
3
Let z = 141 - 91. Let v be 4/(-12) - z/(-6). What is the greatest common factor of 20 and v?
4
Let g(r) = r**2 - 5*r - 27. Let w(t) = -2*t**2 + 10*t + 54. Let d(m) = 11*g(m) + 6*w(m). Let z be d(8). What is the greatest common divisor of z and 15?
3
Let o(z) = -13*z - 3. Let g be o(-3). Suppose -2 = 4*w + 6, -w - 182 = -3*i. Suppose 0 = -0*x - 5*x + i. Calculate the greatest common divisor of g and x.
12
Suppose 16*s - 1048 = -2*j + 14*s, -2*j = -3*s - 1073. Calculate the highest common factor of j and 23.
23
Let s be 18 - 0 - (-5)/(10/(-6)). Let t(u) = -4*u + 83. Let j be t(20). Calculate the highest common factor of j and s.
3
Let g be (-1*23)/((-10 + 13)/(-9)). Suppose -3*a = 5*p - 5*a - 115, 0 = -5*a. What is the greatest common divisor of g and p?
23
Let f = 2222 + -2200. What is the greatest common factor of f and 319?
11
Suppose -33*w + 64625 = 7700. Calculate the greatest common factor of 75 and w.
75
Let v be (-7)/((-21)/12) + -1. Suppose -4*r + 8*n - v*n = -175, -2*n - 88 = -2*r. Calculate the greatest common factor of r and 9.
9
Let t be ((-14)/3)/((-5)/(-60)). Let u = t - -133. Let o be (95/(-15) - -4)*(-2 - 1). Calculate the greatest common divisor of o and u.
7
Suppose 34*b = 994 - 42. Calculate the greatest common factor of b and 476.
28
Let u = 4 - 2. Suppose -2*j + 5*k + 121 = 18, 5*j - u*k - 268 = 0. What is the greatest common divisor of j and 18?
18
Suppose 2*k + 6*j - 3*j = -11, -j - 7 = -k. Suppose -3*q = -x - 21, -3*q = -0*q + k*x - 12. Let z = 2 - -4. Calculate the highest common factor of q and z.
6
Let v(u) = u**3 + u**2 - 2*u - 2. Let c be v(-2). Let x be (c/(-4))/(14/1092). Let y = 9 + x. What is the greatest common factor of 12 and y?
12
Suppose -9*p + 368 = 116. What is the highest common factor of p and 644?
28
Let k(h) = 8*h - 6. Let o be k(-2). Let x = 46 + o. What is the highest common divisor of x and 6?
6
Let g(v) = 20*v + 40. Let t be g(-1). What is the highest common factor of 68 and t?
4
Suppose -2*b + 272 - 48 = 0. Calculate the greatest common divisor of 16 and b.
16
Let p(c) = c**3 + 6*c**2 - 5*c - 5. Let g be 2/(10/(-25) + 0). Let y be p(g). What is the greatest common divisor of y and 30?
15
Let p = -41 - 5. Let u = p - -14. Let d = -15 - u. What is the greatest common divisor of 68 and d?
17
Suppose -8*s + 19 = -13. Calculate the highest common divisor of s and 5.
1
Suppose 60 = -1713*v + 1715*v. What is the greatest common divisor of v and 270?
30
Let d be 3 + 10 - (-3)/(2 + -3). Calculate the highest common divisor of 1090 and d.
10
Let j = -832 - -884. Calculate the greatest common factor of 12 and j.
4
Let n(m) be the third derivative of -7*m**2 + 0 + 13/6*m**4 + 0*m - 1/3*m**3. Let d be n(3). What is the greatest common factor of 14 and d?
14
Let i = -662 - -970. Let q(l) = 27*l**3 + l**2 + l - 1. Let c be q(1). What is the highest common divisor of c and i?
28
Let v be (2 + -1 - 156)/((-5)/6). Calculate the greatest common divisor of v and 248.
62
Suppose 5*s + 4 - 1399 = 0. Let x = 60 + -29. What is the highest common divisor of x and s?
31
Suppose 3*n = 2*v + 610, 4*v + 585 = 3*n + 7*v. What is the highest common divisor of 16 and n?
8
Let l = 8 - -71. Suppose 3*v + 408 = 4*d, 2*d = d - 5*v + l. Calculate the highest common divisor of 9 and d.
9
Let b be -4 + (34 - 1) - -1. Let o = 85 - b. Calculate the greatest common factor of o and 22.
11
Let u be (-4)/(-30) + (-35003)/(-1065). Let c be -5*(2 - 28/10). Let v be ((-8)/6)/(c/(-66)). What is the highest common divisor of u and v?
11
Suppose 4*l - 78 - 82 = 0. Suppose 27*q = 60 + 48. Calculate the greatest common factor of q and l.
4
Let u = 33 + -61. Let z be (2 - 1)*u*2/(-4). Calculate the highest common divisor of z and 126.
14
Let y = 125 - -33. Suppose 0 = -13*s + 37 + y. Calculate the greatest common factor of 90 and s.
15
Let t = -408 - -465. What is the greatest common divisor of 38 and t?
19
Let k(m) = -113*m - 78. Let f be k(-1). Calculate the greatest common divisor of 185 and f.
5
Suppose -4 = m, 9*w - 8*w - 1699 = -4*m. Calculate the highest common factor of 105 and w.
35
Let q = -159 - -261. Let g be (q/(-2))/(1/(-3)). Calculate the highest common divisor of 17 and g.
17
Let q be -2 + 1 + 5 - 0. Suppose 0*s - 8 = -s - q*v, -3*s = 3*v - 51. Calculate the highest common divisor of 80 and s.
20
Let a(v) = -2*v**3 - 16*v**2 + 7*v - 9. Let j be a(-9). Let u be (-40)/(-6)*(-126)/(-28). What is the greatest common factor of u and j?
30
Let w = 18 + -12. Let q(o) = 27*o - 9. Let n be q(w). Let v be (n/12)/((-1)/(-4)). Calculate the greatest common factor of 34 and v.
17
Suppose -j = i - 4, -9 - 9 = -5*j - 3*i. Suppose 0 = -j*q - q - 12. Let c be (q/2)/((-2)/36). What is the greatest common factor of c and 54?
27
Suppose 0 = 3*s - 272 - 52. Let k be (64/(-8))/(4/(-4)). Suppose 3*l = -3*u + k*u - 66, u - 8 = -2*l. Calculate the highest common factor of u and s.
12
Let a(r) = -2*r - 13 + 2 - r**2 + 2*r**2. Let j be a(5). Suppose -2*f = -3*g + 2*g + 15, j*f = g - 19. Calculate the greatest common divisor of 77 and g.
11
Let i(d) = d**2 - 59*d + 141. Let g be i(57). What is the highest common divisor of 81 and g?
27
Suppose 0 = m - 1, -1030 = -0*h - 5*h + 5*m. Calculate the highest common factor of h and 9.
9
Let h(q) = 30*q - 78. Let b be h(6). What is the highest common divisor of 442 and b?
34
Let y(m) = -m**2 - 3*m + 1. Let k be y(-2). What is the greatest common factor of 3 and k?
3
Let f be ((-7)/(-3) + -1)/